3. Let n be 4 - (-68)/8*o. List the prime factors of 218/4 + 15/n.
2, 3
Let z(f) = -2*f**2 + 2*f + 4. Let j be z(-4). List the prime factors of ((-480)/j)/(2/6).
2, 5
Let t = 10 + -8. Suppose -2*d + t = -6. What are the prime factors of 0 + (d/(-2) - -34)?
2
Let q(d) = -468*d + 32. What are the prime factors of q(-1)?
2, 5
Let j(h) = 4*h - 8. Let k be j(5). Suppose -14*c + 326 = -k*c. List the prime factors of c.
163
Let o(y) = y. Let d(w) = -6*w + 94. Let i(v) = d(v) + 5*o(v). What are the prime factors of i(0)?
2, 47
Suppose a - 66 - 98 = 0. What are the prime factors of a?
2, 41
Suppose 0 = 5*h - 4 - 1. Suppose -2*u + 4*w + 4 = 8*w, w - h = u. Suppose u = k - 24 - 9. What are the prime factors of k?
3, 11
Suppose 5*v - 15 = -5. Let o = -266 + 106. List the prime factors of ((-3)/v)/(10/o).
2, 3
Let z(o) = 6*o**2 + 13*o - 14. Let c be z(-7). Suppose -8*b + 973 = c. What are the prime factors of b?
2, 7
Suppose 6*t - 3*t = 5*k - 17, -5*k = -2*t - 13. Suppose -2*r = -4*n, k = r - 4*n + 7. Suppose -r = -3*p + 63. What are the prime factors of p?
23
Let r be ((-387)/6)/(-3)*4/2. Suppose 0 = 4*u - r + 35. List the prime factors of u.
2
Let t = 8 - 2. Suppose -4*f = -4*q + 116, -t*q - 54 = f - 2*q. List the prime factors of 8/16*(0 - f).
17
Suppose 6*l - 5*l = 2. What are the prime factors of (l/6)/(2*(-2)/(-1524))?
127
Let y = 78 - -49. Suppose -2*c + y + 357 = 0. What are the prime factors of c?
2, 11
Suppose 0 = 6*l - 8*l - 26. Let s = l - -15. What are the prime factors of 33 - (s + -5 - -3)?
3, 11
Let k = -54 + 62. Suppose 2*u + 6 = 0, 118 = v - 5*u + k*u. What are the prime factors of v?
127
Suppose 0 = 40*m - 15309 - 16051. List the prime factors of m.
2, 7
Suppose -5*p = v + 5, p + 1 = -5*v + 2*v. Let s(l) = -13*l - 2. Let t be s(1). List the prime factors of (t/20)/(p/20).
3, 5
Suppose 133*w - 105*w - 58520 = 0. List the prime factors of w.
2, 5, 11, 19
Let c be (-3)/9 - (-242)/6. Let k be (-12)/(-5)*c/12. Suppose -4*a + x + 186 = 2*x, -4*x - k = 0. What are the prime factors of a?
47
Let t(y) = 6*y - 3 + 0 + 3*y + 0. Let z be t(-3). Let k = 57 + z. List the prime factors of k.
3
Suppose 6*c + 1088 + 730 = 0. Let m = -209 - c. What are the prime factors of m?
2, 47
What are the prime factors of (3 + -8)*(-8274)/15?
2, 7, 197
Let u = 39 + -30. Suppose -5*k + 1267 = -2*d, 5*k + 11*d = u*d + 1283. What are the prime factors of k?
3, 5, 17
Let u = 92 + -49. Let z = -7 + u. What are the prime factors of z?
2, 3
Suppose 7*q - 3*q = -3*l + 4971, -4*l = q - 6615. List the prime factors of l.
3, 19, 29
Suppose -4*k - 16 = 0, 0 = -w - w + 2*k + 108. Suppose 56 = 4*f - 40. Let a = w - f. List the prime factors of a.
2, 13
Let y(u) = 4*u**2 + u - 55. What are the prime factors of y(-7)?
2, 67
Let v = -76 - -44. Let m = 50 - v. List the prime factors of m.
2, 41
Let f be 8/(-3 - (-39)/15). Let v be 188/(-10) + 4/f. Let g = -13 - v. What are the prime factors of g?
2, 3
Let k(o) = o - 25. Let a be k(8). Let q be (-34)/a + (1 - 1). Suppose q*v - v - 26 = 0. What are the prime factors of v?
2, 13
Let d(c) = -c**3 + c + 384. Let i be d(0). Suppose 3*r = -5*r + i. List the prime factors of r.
2, 3
Let b = -27 - -339. List the prime factors of b.
2, 3, 13
Let z(p) = p + 155. Let k be z(0). What are the prime factors of 6*k/10 - -4?
97
Let x(s) = 2*s**3 + s + 10. What are the prime factors of x(5)?
5, 53
Let x(k) = 2*k**3 - 3*k**2 - 3*k + 9. Let i(s) = 10*s**3 - 16*s**2 - 15*s + 46. Let a(w) = -2*i(w) + 11*x(w). List the prime factors of a(3).
43
Let a = -2489 + 6057. List the prime factors of a.
2, 223
Let j be (-1)/(-5) - (-408)/60. Suppose -2*r = -3 - j. Suppose -91 = -r*s - 11. List the prime factors of s.
2
Let j = -1716 + 2782. What are the prime factors of j?
2, 13, 41
Suppose 5*w = 5*i - 1412 - 1428, 584 = i + 3*w. List the prime factors of i.
2, 11, 13
Suppose -v + 32 - 5 = -5*l, l = v - 7. Let u(j) = 4*j**2 - 1 - 9*j + 7 - 5*j**v. List the prime factors of u(-9).
2, 3
Let f(j) = -j**3 + 9*j**2 + 6*j - 13. Let t = -64 + 68. What are the prime factors of f(t)?
7, 13
Let j = 1876 + -438. What are the prime factors of j?
2, 719
Suppose 0 = -2*v + 5*k + 153, 2*v - 2*k + 64 - 208 = 0. Let r(h) = 3*h**2 - 4*h + v*h**2 + h - 3. List the prime factors of r(-1).
2, 3
Let v be (-2)/(-6)*10*12/10. Suppose -v*y + 4*t + 108 = 0, y + 27 = 2*y - 4*t. List the prime factors of y.
3
List the prime factors of 5 - 14*-46 - -7.
2, 41
Suppose 0 = -y - 3*n + 1863, 4*y + 4*n - 3*n = 7441. What are the prime factors of y?
2, 3, 5, 31
Let y = 49 - 47. Suppose -q = -4*o + 140, y*q - 68 = -2*o + 3*q. List the prime factors of o.
2, 3
Let r = -30 - -26. Let t(x) = 7*x**2 - 3*x - 5. What are the prime factors of t(r)?
7, 17
Let r(d) = -20*d + 22 + 44*d - 23*d. What are the prime factors of r(4)?
2, 13
Let s be 1/2 - (-4976)/32. Suppose 3*d + d = s. Suppose 2*k - d = 9. What are the prime factors of k?
2, 3
Let l be -4 + -3 + 9 + -2. Suppose l = -0*v + 5*v - 565. List the prime factors of v.
113
Suppose -5*b - 8*m + 13000 = -13*m, 5*b - 2*m - 12997 = 0. What are the prime factors of b?
23, 113
Let s(y) = y**3 - 11*y**2 + 3. Let p be s(11). Let j be p/(-9)*0 + 43. Suppose -2*a + n + 9 = -20, -4*a = n - j. List the prime factors of a.
2, 3
What are the prime factors of ((-44728)/32 + 2)*(-8)/6?
1861
Suppose 7074 = 2*j - 2*t, 15*t = -4*j + 12*t + 14155. List the prime factors of j.
2, 29, 61
Let l(b) = 7*b - 12. Let a be l(20). Suppose 0 = 21*m - 17*m - a. What are the prime factors of m?
2
Let d be 1504/28 - ((-4)/14 + 0). List the prime factors of ((-2)/4)/(d/60 + -1).
5
Let y = -63 + 547. List the prime factors of y.
2, 11
Let u(p) = -2*p - 10. Let d be u(-3). What are the prime factors of 6/(-2) - 236/d?
2, 7
Let u(a) = 499*a**2 + a - 6. What are the prime factors of u(-2)?
2, 7, 71
Let u(c) = -8 + 15 - 9 + 72*c. What are the prime factors of u(1)?
2, 5, 7
Suppose 0 = -4*d - 12, 2*h - 5*d = -8*d + 2445. List the prime factors of h.
3, 409
Suppose h + 105 - 4 = 0. Let o = 49 - h. What are the prime factors of o?
2, 3, 5
Suppose 5198 = 2*m - 3*s - 268, -2*s + 5476 = 2*m. What are the prime factors of -5*m/(-99) + 2/(-11)?
2, 3, 23
Let j(k) = 1 + 7 - 1 + 5*k. Let i = -3 - -7. What are the prime factors of j(i)?
3
Let u = 3158 - 1571. List the prime factors of u.
3, 23
Suppose 3*i = -4*v + 8*v - 1553, -3*v + 1172 = 5*i. What are the prime factors of v?
389
Let u(w) = -w**3 - 4*w**2 + 5*w - 1. Let j be u(-5). Let r = 2 - j. Let z(n) = n**3 - 3*n. List the prime factors of z(r).
2, 3
Let g be 2/10 + 96/20. Suppose -g*j + 0*j + 155 = 0. List the prime factors of j.
31
Let x be 2*(-4)/(0 - 2). Suppose 0 = x*d + 2*c - 14, -d - 4*d + 2*c = 5. What are the prime factors of 3/(-1)*d - -10?
7
Let g = 21 - 19. List the prime factors of 88/33*((-1)/2 + g).
2
What are the prime factors of 613/(-3)*150/(-25)?
2, 613
Let o(a) = 21*a**3 - a**2 - 2*a - 1. Let g be o(-1). Let s = 121 - g. What are the prime factors of s?
2, 71
Suppose 0 = 23*l - 32485 - 21680. What are the prime factors of l?
3, 5, 157
Let s = -130 - -129. Let u(d) = -72*d**3 + d**2 - 3*d - 3. What are the prime factors of u(s)?
73
What are the prime factors of 4535 - 4 - (-17 - -9)?
3, 17, 89
Suppose 305 = 10*o - 3625. List the prime factors of o.
3, 131
Let k(n) = n**2 - 8*n - 6. Let i be k(8). Let t = -1 - i. Suppose t*q - 68 = -4*w + 4*q, -5*q - 2 = w. List the prime factors of w.
2, 3
Suppose 15 = 2*x - t, -4*x + t + 15 = 2*t. Suppose 72 = x*h + 3*p, -2*h = -6*h + 2*p + 62. List the prime factors of h.
3, 5
Suppose 12*w + 3 = 13*w. List the prime factors of ((-2)/w)/((-8)/612).
3, 17
Let v = -324 - -820. Suppose 4*o + 3*d - v = 7*d, -3*d = 0. What are the prime factors of o?
2, 31
Let k = -958 - -1408. List the prime factors of k.
2, 3, 5
Suppose -20*g + 17*g - 441 = 0. Let t = g + 102. Let o = t + 75. What are the prime factors of o?
2, 3, 5
Let a(z) = 2*z - 3 + 12 - 12*z + 2*z**2. Suppose -c = 4*f - 5*f - 9, 3*f + 9 = 0. List the prime factors of a(c).
3, 7
Suppose 5*f + 3*v - 416 = -116, -300 = -5*f + 3*v. Suppose -f = 3*r + r. What are the prime factors of 8/20 + (-129)/r?
3
Suppose t = 3*b - 4*t + 26, 4*t = 16. List the prime factors of (-1534)/(-10) + b/5.
3, 17
Let c be 4/10 - (-1920)/75. Suppose 23*k - c*k = 6. Wh